{"id":2315,"date":"2018-12-12T14:58:56","date_gmt":"2018-12-12T14:58:56","guid":{"rendered":"http:\/\/www.ysn.at\/?page_id=2315"},"modified":"2023-03-06T18:47:53","modified_gmt":"2023-03-06T17:47:53","slug":"empfehlungen","status":"publish","type":"page","link":"https:\/\/www.ysn.at\/?page_id=2315","title":{"rendered":"Empfehlungen"},"content":{"rendered":"\n<p>Auf dieser Seite findet ihr <strong>Empfelungen und Tips von Mitgliedern f\u00fcr Mitglieder<\/strong> zu beliebigen Bereichen. Die inhaltliche Verantwortung \u00fcbernimmt der jeweilig &#8220;Tipgeber&#8221;, der auch namentlich angef\u00fchrt ist, damit pers\u00f6nliche R\u00fcckfragen m\u00f6glich sind.<\/p>\n\n\n\n<p><strong>Herbert Lohr<\/strong>, Kabane 43, <strong>0676 751 9700<\/strong>, empfiehlt:<\/p>\n\n\n\n<figure class=\"wp-block-image is-resized\"><img decoding=\"async\" loading=\"lazy\" src=\"https:\/\/www.ysn.at\/wp-content\/uploads\/2018\/12\/Yacht-Service-Empfehlung-1024x531.jpg\" alt=\"\" class=\"wp-image-2318\" width=\"368\" height=\"190\" srcset=\"https:\/\/www.ysn.at\/wp-content\/uploads\/2018\/12\/Yacht-Service-Empfehlung-1024x531.jpg 1024w, https:\/\/www.ysn.at\/wp-content\/uploads\/2018\/12\/Yacht-Service-Empfehlung-300x156.jpg 300w, https:\/\/www.ysn.at\/wp-content\/uploads\/2018\/12\/Yacht-Service-Empfehlung-768x398.jpg 768w, https:\/\/www.ysn.at\/wp-content\/uploads\/2018\/12\/Yacht-Service-Empfehlung.jpg 1356w\" sizes=\"(max-width: 368px) 100vw, 368px\" \/><\/figure>\n\n\n\n<p><strong>Margit Vogelsberg<\/strong>, Kabane 25, <strong>0676 527 9252<\/strong>, empfiehlt: <strong>Tischlerei Jurgen Meidlinger<\/strong>, M\u00f6nchhof.  Tel. 02173\/ 205 43; Tel. 0650\/ 977 77 71                                <strong>verl\u00e4sslich und ideenreich<\/strong><\/p>\n\n\n\n<p class=\"has-text-align-center has-medium-font-size\"><strong>Koryph\u00e4en<\/strong><\/p>\n\n\n\n<figure class=\"wp-block-image is-resized\"><img decoding=\"async\" loading=\"lazy\" src=\"https:\/\/www.ysn.at\/wp-content\/uploads\/2021\/05\/empfehlung-1024x768.jpeg\" alt=\"\" class=\"wp-image-4874\" width=\"368\" height=\"190\"\/><\/figure>\n\n\n\n<p>Liebe Bootsbesitzer und Kabaneneigent\u00fcmer,<\/p>\n\n\n\n<p>eine Empfehlung zu Beginn der Saison:                                                                   in Neusiedl am See hat die&nbsp;<strong>Fa. Koryph\u00e4en<\/strong>&nbsp;<strong>jetzt neu mit der Anfertigung von Segelbootpolsterung und Outdoor\u00fcberz\u00fcgen<\/strong>&nbsp;begonnen. Die Koryph\u00e4en k\u00f6nnen eine g\u00fcnstigere Alternative zu unseren \u00fcblichen Segelshops sein &#8211; die Mitarbeiterinnen sind freundlich arbeiten sehr genau.                                                          <\/p>\n\n\n\n<p><strong>Koryph\u00e4en<\/strong>: Obere Hauptstrasse 14-16, Neusiedl am See<\/p>\n\n\n\n<figure class=\"wp-block-image size-large\"><img decoding=\"async\" loading=\"lazy\" width=\"1024\" height=\"347\" src=\"https:\/\/www.ysn.at\/wp-content\/uploads\/2021\/10\/Flyer_YSN-JW-1024x347.png\" alt=\"\" class=\"wp-image-5108\" srcset=\"https:\/\/www.ysn.at\/wp-content\/uploads\/2021\/10\/Flyer_YSN-JW-1024x347.png 1024w, https:\/\/www.ysn.at\/wp-content\/uploads\/2021\/10\/Flyer_YSN-JW-300x102.png 300w, https:\/\/www.ysn.at\/wp-content\/uploads\/2021\/10\/Flyer_YSN-JW-768x260.png 768w, https:\/\/www.ysn.at\/wp-content\/uploads\/2021\/10\/Flyer_YSN-JW-1536x520.png 1536w, https:\/\/www.ysn.at\/wp-content\/uploads\/2021\/10\/Flyer_YSN-JW-2048x693.png 2048w\" sizes=\"(max-width: 1024px) 100vw, 1024px\" \/><\/figure>\n\n\n\n<p class=\"has-text-align-center has-medium-font-size\"><strong>Fahrrad.Werkst\u00e4tte<\/strong><\/p>\n\n\n\n<p>G\u00fcnther Hafner<\/p>\n\n\n\n<ul>\n<li>Hauptstrasse 12<\/li>\n\n\n\n<li>7132 Frauenkirchen<\/li>\n\n\n\n<li><a rel=\"noreferrer noopener\" href=\"mailto:guenther@geheimrad-von-hafner.at\" target=\"_blank\">guenther@geheimrad-von-hafner.at<\/a><\/li>\n\n\n\n<li><a rel=\"noreferrer noopener\" href=\"http:\/\/www.geheimrad-von-hafner.at\/\" target=\"_blank\">www.geheimrad-von-hafner.at<\/a><\/li>\n<\/ul>\n\n\n\n<p>bitte Clubkarte mitnehmen<\/p>\n\n\n\n<p class=\"has-text-align-center has-medium-font-size\"><strong>Metallico Garbelotto GmbH<\/strong><\/p>\n\n\n\n<figure class=\"wp-block-image size-large is-resized\"><img decoding=\"async\" loading=\"lazy\" src=\"https:\/\/www.ysn.at\/wp-content\/uploads\/2022\/04\/metallico_t3.png\" alt=\"\" class=\"wp-image-5162\" width=\"250\" height=\"38\"\/><figcaption class=\"wp-element-caption\">&nbsp;<br>Betriebsgebiet Jochen II,11<br>7121 Weiden am See<br><a rel=\"noreferrer noopener\" href=\"mailto:office@metallico.at\" target=\"_blank\">office@metallico.at<\/a><br>0664 5972431<br><a rel=\"noreferrer noopener\" href=\"http:\/\/www.metallico.at\/\" target=\"_blank\">metallico.at<\/a><\/figcaption><\/figure>\n\n\n\n<p><br><\/p>\n","protected":false},"excerpt":{"rendered":"<p>Auf dieser Seite findet ihr Empfelungen und Tips von Mitgliedern f\u00fcr Mitglieder zu beliebigen Bereichen. Die inhaltliche Verantwortung \u00fcbernimmt der jeweilig &#8220;Tipgeber&#8221;, der auch namentlich angef\u00fchrt ist, damit pers\u00f6nliche R\u00fcckfragen m\u00f6glich sind. Herbert Lohr, Kabane 43, 0676 751 9700, empfiehlt: Margit Vogelsberg, Kabane 25, 0676 527 9252, empfiehlt: Tischlerei Jurgen Meidlinger, M\u00f6nchhof. Tel. 02173\/ 205 &#8230; <a href=\"https:\/\/www.ysn.at\/?page_id=2315\" class=\"more-link\">Read More<span class=\"screen-reader-text\"> &#8220;Empfehlungen&#8221;<\/span> &raquo;<\/a><\/p>\n","protected":false},"author":3,"featured_media":0,"parent":0,"menu_order":0,"comment_status":"closed","ping_status":"closed","template":"","meta":[],"_links":{"self":[{"href":"https:\/\/www.ysn.at\/index.php?rest_route=\/wp\/v2\/pages\/2315"}],"collection":[{"href":"https:\/\/www.ysn.at\/index.php?rest_route=\/wp\/v2\/pages"}],"about":[{"href":"https:\/\/www.ysn.at\/index.php?rest_route=\/wp\/v2\/types\/page"}],"author":[{"embeddable":true,"href":"https:\/\/www.ysn.at\/index.php?rest_route=\/wp\/v2\/users\/3"}],"replies":[{"embeddable":true,"href":"https:\/\/www.ysn.at\/index.php?rest_route=%2Fwp%2Fv2%2Fcomments&post=2315"}],"version-history":[{"count":23,"href":"https:\/\/www.ysn.at\/index.php?rest_route=\/wp\/v2\/pages\/2315\/revisions"}],"predecessor-version":[{"id":5336,"href":"https:\/\/www.ysn.at\/index.php?rest_route=\/wp\/v2\/pages\/2315\/revisions\/5336"}],"wp:attachment":[{"href":"https:\/\/www.ysn.at\/index.php?rest_route=%2Fwp%2Fv2%2Fmedia&parent=2315"}],"curies":[{"name":"wp","href":"https:\/\/api.w.org\/{rel}","templated":true}]}}