{"id":2303,"date":"2018-12-12T14:18:51","date_gmt":"2018-12-12T14:18:51","guid":{"rendered":"http:\/\/www.ysn.at\/?page_id=2303"},"modified":"2025-03-17T23:05:34","modified_gmt":"2025-03-17T22:05:34","slug":"sektion-segeln","status":"publish","type":"page","link":"https:\/\/www.ysn.at\/?page_id=2303","title":{"rendered":"Interessantes vom See"},"content":{"rendered":"\n<p>Der Architekt Nikolaus Gartner widmet sich in seinem Buch der Baukultur im Schilfg\u00fcrtel, welche im Spannungsfeld mit dem Weltkulturerbe und Naturschutz steht.<\/p>\n\n\n\n<p>Im Buch \u201eschilf schneiden\u201c erf\u00e4hrt unsere Anlage eine Aufwertung, ein positives Bild. (Im Einklang mit der Natur)<\/p>\n\n\n\n<p>Das Buch wurde von YSN erworben und steht allen Interessenten leihweise zur Verf\u00fcgung.<\/p>\n\n\n\n<p><strong> <\/strong><br><\/p>\n\n\n\n<p>Anl\u00e4sslich eines Vortrages von Architekt Nikolaus Gartner im Haus im Puls hat der Verein YSN<br>das Buch \u201eSchilf schneiden &#8211; Vom Bauen am Wasser\u201c erworben.<br>Die positive Sichtweise des Architekten unserer Anlage sollte uns besonders freuen.<br>Jedem Mitglied steht das Buch leihweise zur Verf\u00fcgung. (Kultur@ysn.at)<br><strong>Informationen<\/strong> <strong>zum<\/strong> <strong>Buchautor<\/strong>:<br>Nikolaus Gartner studierte Architektur an der technischen Universit\u00e4t Wien und an der Universit\u00e1<br>degli Studi di Napoli Federico II in Neapel. Besch\u00e4ftigt sich intensiv mit dem Thema \u201eBauen am Land\u201c,<br>forscht, schreibt, publiziert; kuratierte u.a. die Ausstellung \u201eSchilf schneiden \u2013 Vom Bauen am<br>Neusiedler See\u201c 2021 in Eisenstadt.<br><strong>Inhaltsangabe<\/strong>:<br>\u201eSchilf schneiden\u201c steht sinnbildlich f\u00fcr eine nachhaltige Umgangsform mit der<br>Kulturlandschaft. Dieser Idee folgend versucht dieses Buch die gegenw\u00e4rtigen baulichen Strukturen<br>rund um den Neusiedlersee r\u00e4umlich zu erfassen, um gegenw\u00e4rtig g\u00fcltige Fragen und Antworten im<br>richtigen Umgang mit der Kultur- und Naturlandschaft des Schilfg\u00fcrtels zu formulieren. Die<br>Kommerzialisierung des Sees, die sozial-r\u00e4umliche Einbindung der Dorfzentren, die Nutzung durch<br>den menschlichen Lebensstil und das Problem der Zerst\u00f6rung von Natur- und Lebensraum durch<br>bauliche Eingriffe werden diskutiert.<br>Schilf wird geschnitten \u2026<br>\u2026 um die Wasserfl\u00e4che des Sees freizuhalten.<br>\u2026 um die Uferfl\u00e4chen vor Versumpfung zu sch\u00fctzen.<br>\u2026 um Tieren einen Lebensraum zu geben.<br>\u2026 um einen Rohstoff zu gewinnen.<br>\u2026 um das sensible \u00d6kosystem des Neusiedler Sees aufrecht zu erhalten<br><strong>Aus<\/strong> <strong>dem<\/strong> <strong>Buch<\/strong>:<br>\u201eDer Neusiedlersee, wie wir ihn kennen, ist ein artifizieller Naturraum. Das Seeufer, auf dem wir uns<br>gerad befinden, ist nicht nat\u00fcrlich gewachsen, es wurde aufgesch\u00fcttet. Das ist ein exemplarischer Ort<br>f\u00fcr die starken topgraphischen Ver\u00e4nderungen der letzten 150 Jahre. Der ehemals stark schwankende<br>Wasserstand des Steppensees wurde durch menschliche Eingriffe stabilisiert, das Umland<br>landwirtschaftlich nutzbar gemacht.\u201c<br><strong>Unsere<\/strong> <strong>Anlage<\/strong> <strong>ist ganz im Einklang mit der Natur:<\/strong><br>\u201eSch\u00fcttet man auf, um sich den idealen Bauplatz zu schaffen, stellt dies einen gewaltsamen Eingriff<br>dar; schl\u00e4gt man hingegen nur Pf\u00e4hle, kann Wasser unterhalb durchflie\u00dfen und das Schilf bis<br>zum Haus wachsen; tr\u00e4gt man den Pfahlbau sp\u00e4ter ab, bleiben nur die punktuellen<br>Gr\u00fcndungspf\u00e4hle \u00fcber, der Naturraum mit seinen Potentialen wird kaum ver\u00e4ndert.<br>Letzteres zeigt einen sensiblen und zukunftsf\u00e4higen Umgang mit der lokalen Gegebenheit vor und<br>pr\u00e4gt mein architektonisches Verst\u00e4ndnis.\u201c<\/p>\n\n\n\n<p><br><\/p>\n\n\n\n<figure class=\"wp-block-image size-large\"><img decoding=\"async\" loading=\"lazy\" width=\"779\" height=\"1024\" src=\"https:\/\/www.ysn.at\/wp-content\/uploads\/2025\/03\/20250313_160930_copy-3-779x1024.jpeg\" alt=\"\" class=\"wp-image-6197\" srcset=\"https:\/\/www.ysn.at\/wp-content\/uploads\/2025\/03\/20250313_160930_copy-3-779x1024.jpeg 779w, https:\/\/www.ysn.at\/wp-content\/uploads\/2025\/03\/20250313_160930_copy-3-228x300.jpeg 228w, https:\/\/www.ysn.at\/wp-content\/uploads\/2025\/03\/20250313_160930_copy-3-768x1010.jpeg 768w, https:\/\/www.ysn.at\/wp-content\/uploads\/2025\/03\/20250313_160930_copy-3-1168x1536.jpeg 1168w, https:\/\/www.ysn.at\/wp-content\/uploads\/2025\/03\/20250313_160930_copy-3-1558x2048.jpeg 1558w, https:\/\/www.ysn.at\/wp-content\/uploads\/2025\/03\/20250313_160930_copy-3-scaled.jpeg 1947w\" sizes=\"(max-width: 779px) 100vw, 779px\" \/><\/figure>\n\n\n\n<figure class=\"wp-block-image size-large\"><img decoding=\"async\" loading=\"lazy\" width=\"768\" height=\"1024\" src=\"https:\/\/www.ysn.at\/wp-content\/uploads\/2025\/03\/20250313_160713_copy-768x1024.jpeg\" alt=\"\" class=\"wp-image-6188\" srcset=\"https:\/\/www.ysn.at\/wp-content\/uploads\/2025\/03\/20250313_160713_copy-768x1024.jpeg 768w, https:\/\/www.ysn.at\/wp-content\/uploads\/2025\/03\/20250313_160713_copy-225x300.jpeg 225w, https:\/\/www.ysn.at\/wp-content\/uploads\/2025\/03\/20250313_160713_copy-1152x1536.jpeg 1152w, https:\/\/www.ysn.at\/wp-content\/uploads\/2025\/03\/20250313_160713_copy-1536x2048.jpeg 1536w, https:\/\/www.ysn.at\/wp-content\/uploads\/2025\/03\/20250313_160713_copy-scaled.jpeg 1920w\" sizes=\"(max-width: 768px) 100vw, 768px\" \/><\/figure>\n","protected":false},"excerpt":{"rendered":"<p>Der Architekt Nikolaus Gartner widmet sich in seinem Buch der Baukultur im Schilfg\u00fcrtel, welche im Spannungsfeld mit dem Weltkulturerbe und Naturschutz steht. Im Buch \u201eschilf schneiden\u201c erf\u00e4hrt unsere Anlage eine Aufwertung, ein positives Bild. (Im Einklang mit der Natur) Das Buch wurde von YSN erworben und steht allen Interessenten leihweise zur Verf\u00fcgung. Anl\u00e4sslich eines Vortrages &#8230; <a href=\"https:\/\/www.ysn.at\/?page_id=2303\" class=\"more-link\">Read More<span class=\"screen-reader-text\"> &#8220;Interessantes vom See&#8221;<\/span> &raquo;<\/a><\/p>\n","protected":false},"author":3,"featured_media":0,"parent":0,"menu_order":0,"comment_status":"closed","ping_status":"closed","template":"","meta":[],"_links":{"self":[{"href":"https:\/\/www.ysn.at\/index.php?rest_route=\/wp\/v2\/pages\/2303"}],"collection":[{"href":"https:\/\/www.ysn.at\/index.php?rest_route=\/wp\/v2\/pages"}],"about":[{"href":"https:\/\/www.ysn.at\/index.php?rest_route=\/wp\/v2\/types\/page"}],"author":[{"embeddable":true,"href":"https:\/\/www.ysn.at\/index.php?rest_route=\/wp\/v2\/users\/3"}],"replies":[{"embeddable":true,"href":"https:\/\/www.ysn.at\/index.php?rest_route=%2Fwp%2Fv2%2Fcomments&post=2303"}],"version-history":[{"count":42,"href":"https:\/\/www.ysn.at\/index.php?rest_route=\/wp\/v2\/pages\/2303\/revisions"}],"predecessor-version":[{"id":6217,"href":"https:\/\/www.ysn.at\/index.php?rest_route=\/wp\/v2\/pages\/2303\/revisions\/6217"}],"wp:attachment":[{"href":"https:\/\/www.ysn.at\/index.php?rest_route=%2Fwp%2Fv2%2Fmedia&parent=2303"}],"curies":[{"name":"wp","href":"https:\/\/api.w.org\/{rel}","templated":true}]}}

<p>Der Architekt Nikolaus Gartner widmet sich in seinem Buch der Baukultur im Schilfgürtel, welche im Spannungsfeld mit dem Weltkulturerbe und Naturschutz steht.</p>



<p>Im Buch „schilf schneiden“ erfährt unsere Anlage eine Aufwertung, ein positives Bild. (Im Einklang mit der Natur)</p>



<p>Das Buch wurde von YSN erworben und steht allen Interessenten leihweise zur Verfügung.</p>



<p><strong> </strong><br></p>



<p>Anlässlich eines Vortrages von Architekt Nikolaus Gartner im Haus im Puls hat der Verein YSN<br>das Buch „Schilf schneiden &#8211; Vom Bauen am Wasser“ erworben.<br>Die positive Sichtweise des Architekten unserer Anlage sollte uns besonders freuen.<br>Jedem Mitglied steht das Buch leihweise zur Verfügung. (Kultur@ysn.at)<br><strong>Informationen</strong> <strong>zum</strong> <strong>Buchautor</strong>:<br>Nikolaus Gartner studierte Architektur an der technischen Universität Wien und an der Universitá<br>degli Studi di Napoli Federico II in Neapel. Beschäftigt sich intensiv mit dem Thema „Bauen am Land“,<br>forscht, schreibt, publiziert; kuratierte u.a. die Ausstellung „Schilf schneiden – Vom Bauen am<br>Neusiedler See“ 2021 in Eisenstadt.<br><strong>Inhaltsangabe</strong>:<br>„Schilf schneiden“ steht sinnbildlich für eine nachhaltige Umgangsform mit der<br>Kulturlandschaft. Dieser Idee folgend versucht dieses Buch die gegenwärtigen baulichen Strukturen<br>rund um den Neusiedlersee räumlich zu erfassen, um gegenwärtig gültige Fragen und Antworten im<br>richtigen Umgang mit der Kultur- und Naturlandschaft des Schilfgürtels zu formulieren. Die<br>Kommerzialisierung des Sees, die sozial-räumliche Einbindung der Dorfzentren, die Nutzung durch<br>den menschlichen Lebensstil und das Problem der Zerstörung von Natur- und Lebensraum durch<br>bauliche Eingriffe werden diskutiert.<br>Schilf wird geschnitten …<br>… um die Wasserfläche des Sees freizuhalten.<br>… um die Uferflächen vor Versumpfung zu schützen.<br>… um Tieren einen Lebensraum zu geben.<br>… um einen Rohstoff zu gewinnen.<br>… um das sensible Ökosystem des Neusiedler Sees aufrecht zu erhalten<br><strong>Aus</strong> <strong>dem</strong> <strong>Buch</strong>:<br>„Der Neusiedlersee, wie wir ihn kennen, ist ein artifizieller Naturraum. Das Seeufer, auf dem wir uns<br>gerad befinden, ist nicht natürlich gewachsen, es wurde aufgeschüttet. Das ist ein exemplarischer Ort<br>für die starken topgraphischen Veränderungen der letzten 150 Jahre. Der ehemals stark schwankende<br>Wasserstand des Steppensees wurde durch menschliche Eingriffe stabilisiert, das Umland<br>landwirtschaftlich nutzbar gemacht.“<br><strong>Unsere</strong> <strong>Anlage</strong> <strong>ist ganz im Einklang mit der Natur:</strong><br>„Schüttet man auf, um sich den idealen Bauplatz zu schaffen, stellt dies einen gewaltsamen Eingriff<br>dar; schlägt man hingegen nur Pfähle, kann Wasser unterhalb durchfließen und das Schilf bis<br>zum Haus wachsen; trägt man den Pfahlbau später ab, bleiben nur die punktuellen<br>Gründungspfähle über, der Naturraum mit seinen Potentialen wird kaum verändert.<br>Letzteres zeigt einen sensiblen und zukunftsfähigen Umgang mit der lokalen Gegebenheit vor und<br>prägt mein architektonisches Verständnis.“</p>



<p><br></p>



<figure class="wp-block-image size-large"><img decoding="async" loading="lazy" width="779" height="1024" src="https://www.ysn.at/wp-content/uploads/2025/03/20250313_160930_copy-3-779x1024.jpeg" alt="" class="wp-image-6197" srcset="https://www.ysn.at/wp-content/uploads/2025/03/20250313_160930_copy-3-779x1024.jpeg 779w, https://www.ysn.at/wp-content/uploads/2025/03/20250313_160930_copy-3-228x300.jpeg 228w, https://www.ysn.at/wp-content/uploads/2025/03/20250313_160930_copy-3-768x1010.jpeg 768w, https://www.ysn.at/wp-content/uploads/2025/03/20250313_160930_copy-3-1168x1536.jpeg 1168w, https://www.ysn.at/wp-content/uploads/2025/03/20250313_160930_copy-3-1558x2048.jpeg 1558w, https://www.ysn.at/wp-content/uploads/2025/03/20250313_160930_copy-3-scaled.jpeg 1947w" sizes="(max-width: 779px) 100vw, 779px" /></figure>



<figure class="wp-block-image size-large"><img decoding="async" loading="lazy" width="768" height="1024" src="https://www.ysn.at/wp-content/uploads/2025/03/20250313_160713_copy-768x1024.jpeg" alt="" class="wp-image-6188" srcset="https://www.ysn.at/wp-content/uploads/2025/03/20250313_160713_copy-768x1024.jpeg 768w, https://www.ysn.at/wp-content/uploads/2025/03/20250313_160713_copy-225x300.jpeg 225w, https://www.ysn.at/wp-content/uploads/2025/03/20250313_160713_copy-1152x1536.jpeg 1152w, https://www.ysn.at/wp-content/uploads/2025/03/20250313_160713_copy-1536x2048.jpeg 1536w, https://www.ysn.at/wp-content/uploads/2025/03/20250313_160713_copy-scaled.jpeg 1920w" sizes="(max-width: 768px) 100vw, 768px" /></figure>

<p>Der Architekt Nikolaus Gartner widmet sich in seinem Buch der Baukultur im Schilfgürtel, welche im Spannungsfeld mit dem Weltkulturerbe und Naturschutz steht. Im Buch „schilf schneiden“ erfährt unsere Anlage eine Aufwertung, ein positives Bild. (Im Einklang mit der Natur) Das Buch wurde von YSN erworben und steht allen Interessenten leihweise zur Verfügung. Anlässlich eines Vortrages &#8230; <a href="https://www.ysn.at/?page_id=2303" class="more-link">Read More<span class="screen-reader-text"> &#8220;Interessantes vom See&#8221;</span> &raquo;</a></p>
